se 3) to base 5
-1
What is 1000 (base 2) in base 12?
8
Convert -36 (base 12) to base 9.
-46
Convert 13 (base 4) to base 3.
21
Convert -2 (base 11) to base 3.
-2
Convert -2 (base 6) to base 12.
-2
Convert 1312 (base 5) to base 12.
153
What is b (base 14) in base 5?
21
-11221 (base 3) to base 9
-157
What is -12 (base 3) in base 4?
-11
What is -10 (base 10) in base 16?
-a
What is -10 (base 2) in base 10?
-2
Convert -11 (base 6) to base 5.
-12
What is -1011 (base 2) in base 16?
-b
What is -162 (base 8) in base 11?
-a4
What is -11 (base 2) in base 7?
-3
1 (base 13) to base 9
1
1 (base 14) to base 15
1
-14 (base 13) to base 8
-21
-221 (base 3) to base 10
-25
What is 42 (base 10) in base 5?
132
-21 (base 13) to base 12
-23
-5 (base 8) to base 15
-5
Convert 3 (base 15) to base 2.
11
What is -3 (base 8) in base 15?
-3
What is -20 (base 8) in base 14?
-12
Convert 134 (base 6) to base 13.
46
14 (base 8) to base 3
110
What is 27 (base 11) in base 16?
1d
Convert 1 (base 13) to base 8.
1
What is -5 (base 15) in base 5?
-10
Convert 14 (base 10) to base 13.
11
Convert -212 (base 4) to base 7.
-53
Convert 7 (base 15) to base 6.
11
9 (base 14) to base 15
9
8 (base 15) to base 12
8
-11 (base 4) to base 6
-5
What is 3 (base 4) in base 5?
3
-2301 (base 5) to base 6
-1302
What is 110100 (base 2) in base 11?
48
What is 40 (base 7) in base 5?
103
-121 (base 4) to base 10
-25
Convert 16 (base 9) to base 15.
10
-20 (base 9) to base 14
-14
Convert 112 (base 10) to base 8.
160
What is -8e (base 15) in base 3?
-11222
Convert 3 (base 9) to base 4.
3
What is -65 (base 8) in base 12?
-45
What is 9a (base 14) in base 16?
88
Convert c0 (base 16) to base 11.
165
-16 (base 8) to base 15
-e
What is 3 (base 12) in base 6?
3
221 (base 11) to base 14
14d
What is 2 (base 12) in base 11?
2
Convert 0 (base 6) to base 3.
0
What is 1111 (base 2) in base 13?
12
What is -6 (base 7) in base 11?
-6
What is -52 (base 9) in base 7?
-65
What is 0 (base 6) in base 3?
0
-8 (base 9) to base 5
-13
Convert -1 (base 14) to base 7.
-1
0 (base 15) to base 6
0
3 (base 10) to base 2
11
Convert 4 (base 7) to base 9.
4
What is -1a (base 14) in base 3?
-220
What is 29 (base 14) in base 13?
2b
1 (base 6) to base 7
1
-2222 (base 3) to base 14
-5a
Convert -36 (base 16) to base 2.
-110110
Convert 6b (base 15) to base 14.
73
What is -74 (base 8) in base 11?
-55
4 (base 7) to base 5
4
420 (base 5) to base 16
6e
What is -2 (base 5) in base 10?
-2
What is -2112 (base 3) in base 7?
-125
What is -10 (base 13) in base 10?
-13
What is -1c (base 13) in base 9?
-27
What is -45 (base 7) in base 11?
-30
What is 2 (base 14) in base 9?
2
-a1 (base 14) to base 7
-261
Convert -48 (base 10) to base 16.
-30
Convert -1 (base 11) to base 12.
-1
-20 (base 8) to base 14
-12
What is -195 (base 10) in base 15?
-d0
What is -7 (base 11) in base 16?
-7
Convert -4b (base 15) to base 16.
-47
10 (base 3) to base 14
3
What is 312 (base 4) in base 8?
66
What is -4 (base 16) in base 11?
-4
What is 11 (base 13) in base 5?
24
What is 4 (base 14) in base 3?
11
6 (base 10) to base 14
6
What is 2 (base 3) in base 5?
2
-f (base 16) to base 3
-120
What is 3 (base 15) in base 16?
3
What is 153 (base 6) in base 2?
1000101
What is -11110 (base 2) in base 10?
-30
6 (base 8) to base 15
6
-df (base 16) to base 6
-1011
Convert -1 (base 7) to base 8.
-1
3 (base 7) to base 8
3
63 (base 12) to base 9
83
-7f (base 16) to base 4
-1333
2 (base 10) to base 13
2
Convert 18 (base 14) to base 5.
42
Convert 62 (base 7) to base 10.
44
What is -4 (base 16) in base 7?
-4
-2c (base 15) to base 12
-36
Convert 2 (base 16) to base 2.
10
Convert -2 (base 4) to base 16.
-2
Convert -2 (base 9) to base 13.
-2
Convert -1 (base 12) to base 3.
-1
-16 (base 11) to base 3
-122
Convert 3 (base 7) to base 12.
3
What is -118 (base 14) in base 9?
-262
What is -1033 (base 4) in base 10?
-79
What is -201 (base 3) in base 2?
-10011
-20 (base 11) to base 5
-42
What is -5 (base 13) in base 7?
-5
Convert -101222 (base 3) to base 12.
-208
9 (base 11) to base 15
9
24 (base 6) to base 9
17
What is 133 (base 4) in base 16?
1f
Convert -c (base 13) to base 11.
-11
110 (base 2) to base 3
20
Convert 3 (base 9) to base 16.
3
-11 (base 5) to base 14
-6
-106 (base 8) to base 9
-77
Convert 20 (base 16) to base 4.
200
Convert 1120 (base 4) to base 5.
323
63 (base 13) to base 11
74
Convert -b (base 16) to base 9.
-12
Convert 92 (base 11) to base 14.
73
What is -313 (base 9) in base 7?
-513
Convert 0 (base 10) to base 11.
0
-1000100 (base 2) to base 15
-48
What is -54 (base 7) in base 14?
-2b
Convert -3 (base 15) to base 4.
-3
What is 20 (base 5) in base 3?
101
Convert 31 (base 12) to base 6.
101
Convert -1100 (base 2) to base 11.
-11
Convert -27 (base 11) to base 3.
-1002
What is 2 (base 3) in base 6?
2
What is -1 (base 2) in base 12?
-1
Convert -221 (base 5) to base 6.
-141
Convert -1 (base 7) to base 13.
-1
What is -95 (base 16) in base 11?
-126
Convert -24 (base 7) to base 11.
-17
4 (base 13) to base 2
100
Convert -4 (base 12) to base 13.
-4
Convert 10010 (base 2) to base 11.
17
-100 (base 6) to base 8
-44
Convert -3 (base 15) to base 7.
-3
What is -36 (base 11) in base 2?
-100111
What is f6 (base 16) in base 5?
1441
Convert 16d (base 14) to base 9.
355
What is 2 (base 3) in base 16?
2
7 (base 11) to base 4
13
Convert -3 (base 7) to base 8.
-3
What is -13 (base 8) in base 12?
-b
Convert -b5 (base 13) to base 2.
-10010100
What is 11 (base 5) in base 12?
6
-11 (base 3) to base 15
-4
What is 57 (base 8) in base 11?
43
Convert 1 (base 12) to base 5.
1
9 (base 11) to base 4
21
8 (base 14) to base 10
8
-10 (base 4) to base 6
-4
-1 (base 12) to base 5
-1
3 (base 9) to base 6
3
Convert -10000 (base 2) to base 8.
-20
Convert -11 (base 4) to base 3.
-12
Convert -65 (base 10) to base 16.
-41
Convert -1123 (base 4) to base 3.
-10101
Convert 145 (base 11) to base 4.
2222
-12202 (base 3) to base 14
-b1
Convert -12 (base 3) to base 14.
-5
Convert 4 (base 14) to base 15.
4
Convert c (base 16) to base 4.
30
22 (base 4) to base 3
101
Convert 0 (base 7) to base 13.
0
What is -141 (base 5) in base 2?
-101110
Convert -155 (base 8) to base 10.
-109
What is -355 (base 8) in base 12?
-179
Convert -d4 (base 14) to base 2.
-10111010
43 (base 5) to base 16
17
110 (base 10) to base 2
1101110
Convert -11 (base 7) to base 6.
-12
44 (base 16) to base 7
125
Convert 3 (base 16) to base 8.
3
Convert 2 (base 9) to base 7.
2
-14 (base 15) to base 4
-103
3 (base 16) to base 3
10
-1 (base 11) to base 16
-1
What is 0 (base 13) in base 10?
0
-5 (base 15) to base 7
-5
Convert -54 (base 10) to base 13.
-42
2 (base 16) to base 2
10
What is -2322 (base 5) in base 13?
-1cc
Convert -51 (base 15) to base 4.
-1030
What is -277 (base 8) in base 14?
-d9
What is -11 (base 8) in base 13?
-9
What is -48 (base 14) in base 2?
-1000000
Convert -58 (base 11) to base 15.
-43
Convert -263 (base 9) to base 2.
-11011011
Convert -11101 (base 3) to base 6.
-314
Convert -3 (base 13) to base 14.
-3
Convert 13 (base 6) to base 13.
9
Convert -33 (base 5) to base 16.
-12
-19 (base 10) to base 13
-16
4 (base 15) to base 13
4
Convert -302 (base 4) to base 10.
-50
3 (base 14) to base 5
3
-120 (base 3) to base 8
-17
-15 (base 7) to base 3
-110
Convert 51 (base 7) to base 9.
40
What is 2 (base 6) in base 4?
2
Convert 5 (base 14) to base 15.
5
142 (base 7) to base 15
54
Convert -14 (base 5) to base 2.
-1001
What is -21 (base 9) in base 11?
-18
What is 1 (base 8) in base 4?
1
What is -44 (base 5) in base 9?
-26
What is 2 (base 9) in base 6?
2
What is 23 (base 6) in base 12?
13
3 (base 10) to base 6
3
Convert 3 (base 12) to base 14.
3
What is 0 (base 10) in base 3?
0
Convert 12 (base 6) to base 14.
8
Convert 106 (base 8) to base 15.
4a
Convert 154 (base 13) to base 3.
22211
Convert -42 (base 5) to base 4.
-112
Convert 2 (base 3) to base 4.
2
Convert 158 (base 9) to base 10.
134
Convert 14 (base 5) to base 7.
12
What is 16 (base 7) in base 3?
111
11 (base 5) to base 13
6
Convert 1 (base 12) to base 16.
1
-1101101 (base 2) to base 15
-74
Convert -1001010 (base 2) to base 4.
-1022
Convert -16 (base 12) to base 15.
-13
9 (base 12) to base 7
12
-69 (base 12) to base 13
-63
What is 305 (base 10) in base 12?
215
Convert 22 (base 6) to base 3.
112
What is 31 (base 4) in base 8?
15
